e the remainder when 239 is divided by z.
29
Suppose -5*m + 3*a = -178 - 324, 97 = m - 4*a. What is the remainder when m is divided by 34?
33
Suppose -174 - 12 = -3*a. Let v(o) = -4*o**3 - 15*o**2 - 23*o - 10. Calculate the remainder when a is divided by v(-3).
30
Let p = -143 + 152. What is the remainder when 12 is divided by p?
3
Suppose 3*t - 12 = 0, c + 2*c = 2*t - 2. Let w be -1 - 2/c - -42. Suppose 12*a - 16*a = -w. What is the remainder when 27 is divided by a?
7
Suppose -621 = -0*a - 9*a. What is the remainder when 274 is divided by a?
67
Suppose -11*h + 149 = -280. Let n = 8 - 2. Suppose n*g = 111 + h. Calculate the remainder when 97 is divided by g.
22
Let k = -42 + 62. Suppose 25 = 4*i - 59. What is the remainder when k is divided by 2*(-3)/(-18)*i?
6
Let x(r) = -3*r**3 - 2*r**2 + 3*r + 30. What is the remainder when 568 is divided by x(0)?
28
Let t(a) = 4*a - 4*a + a + 14 + a**2 - a**3. Let q be (-45)/450 + (-2)/(-20). Calculate the remainder when 26 is divided by t(q).
12
Let k(g) = 18*g**3 + 2*g**2 - 5*g + 2. Suppose 5*a - 3*a - i - 3 = 0, 2*a - 1 = -i. What is the remainder when k(a) is divided by 4?
1
Let r be 886/4 + 3/6. Suppose 0*a + a - 222 = -s, s = 5*a + r. Suppose 0 = 4*d - b - s, b + 2*b = -4*d + 214. What is the remainder when d is divided by 19?
17
Let n = -891 - -899. Calculate the remainder when 28 is divided by n.
4
Let x(f) = f**3 + 23*f**2 + 3*f + 173. Calculate the remainder when 930 is divided by x(-23).
98
Suppose p - 128 + 47 = 0. Let n = p + -74. Calculate the remainder when n is divided by 3.
1
Let b(l) = -28*l - 44*l + 7*l. Let n be b(-4). Suppose 5*o = o + n. What is the remainder when o is divided by 11?
10
Let k be (18/(-2))/(-1 + 0). Suppose -5*j = -k*j + 188. What is the remainder when j is divided by (-63)/(-4) + 1/4?
15
Suppose -107 - 65 = -4*p. Suppose 4*q = 2*h - 90, -17 = -h + 5*q + p. What is the remainder when 138 is divided by h?
33
Suppose 162 = 3*i - 3*m, 181*i - 185*i - 2*m = -192. What is the remainder when 62 is divided by i?
12
Let a(j) = 10*j + 8. Let g be a(8). Let i be (2 + (-6)/4)*g. Suppose -f + 5*f = i. What is the remainder when 43 is divided by f?
10
Let n be 5 + 6/(-1) + 3. Let f be 1 - n - 198/(-3). Suppose -2*m = 3*m - f. What is the remainder when 36 is divided by m?
10
Suppose 5*i - 678 = -563. Suppose 4*s = -0*s + 64. Calculate the remainder when i is divided by s.
7
Let k = -9 - -13. Let j = 33 + -33. Suppose j = -z - k*z + 100. What is the remainder when 37 is divided by z?
17
Calculate the remainder when (-2511)/(-18) + 1 - (-1)/(-2) is divided by 44.
8
Suppose 24*g - 994 - 182 = 0. Let d = 27 - 2. Calculate the remainder when g is divided by d.
24
Let c be 1 + 1 + (22 - 19). Suppose 4*g + 459 = 5*d + 93, -c*g = -5*d + 370. What is the remainder when d is divided by 18?
16
Let z(v) = 2*v**2 - 9*v - 26. Let q(y) = -y**2 + 7*y - 4. Let m(a) = a**2 + 4*a + 5. Let p be m(-4). What is the remainder when z(7) is divided by q(p)?
3
Suppose 1720 = 4*i + 3*p, 3*i - 5*p - 1329 = -39. Calculate the remainder when i is divided by 69.
16
Suppose a - 3*a = -3*d - 2, -3*d + 3*a + 3 = 0. What is the remainder when 7 is divided by 6 - 1 - 0/d?
2
Let y(k) be the third derivative of 0*k - 1/24*k**4 + 17/3*k**3 - 1/120*k**6 + 0 - 3*k**2 - 1/60*k**5. Calculate the remainder when y(0) is divided by 18.
16
Suppose 965 = -13*u + 3786. What is the remainder when u is divided by 25?
17
Let u(q) = 2*q**3 + 6*q**2 + 2*q + 6. Let k be u(-3). Suppose 5*m + 3*v = 61, k = -m - 2*m + 4*v + 25. What is the remainder when 23 is divided by m?
1
Let p = 14 - 45. Let r = p + 46. What is the remainder when r is divided by 4?
3
Let c(l) = -133*l + 703. What is the remainder when c(5) is divided by 28?
10
Let y be 5*(90/(-25) - -4). Suppose 140 = i - r, -i - 2*r + 160 = y*r. Calculate the remainder when i is divided by 29.
28
Let g be 1 - (3 - 1)*-1. Let o be (108 - -3)/g + 1. Suppose 2*p - l - 108 = -3*p, -o = -2*p + 3*l. What is the remainder when p is divided by 12?
10
Suppose 3*d = 91 - 28. Let p = d + -20. Let g(r) = 40*r**3 - 2*r**2 + r. Calculate the remainder when g(p) is divided by 20.
19
Suppose x - 60 = -4*h, 12*h - 16*h = 8. What is the remainder when 170 is divided by x?
34
Suppose 636 = 17*n - 520. What is the remainder when 93 is divided by n?
25
Let f(s) = -20*s - 7. Let z(i) = 1. Let g(u) = f(u) + 6*z(u). Let h be g(-5). Let n = h + -41. What is the remainder when n is divided by 15?
13
Let b = 43 + -27. Suppose 0 = 2*g + 8, -2*d - 5*g + g = -106. Calculate the remainder when d is divided by b.
13
Suppose -g - 3*w + 4 = 0, -4*g + 16 = -0*w - 4*w. Suppose 0 = -0*r - 3*r + g*t + 119, -2*r = -2*t - 80. What is the remainder when r is divided by 6?
5
Suppose 190*x = 178*x + 360. Calculate the remainder when 178 is divided by x.
28
What is the remainder when 45 is divided by 4 + -4 - (-23)/1?
22
What is the remainder when 13 + -5 + 12/6 + 11 is divided by 9?
3
Let m be (-2)/(-9) + (-176)/(-99). Let j be (0*(-3)/(-9))/(-2). Let a = m - j. What is the remainder when a is divided by 2?
0
Let i = -402 - -415. Calculate the remainder when 1051 is divided by i.
11
Let i = 215 + -151. What is the remainder when i is divided by (-24)/9*33/(-4)?
20
What is the remainder when 47 is divided by ((-12)/(-10))/(-6 - 182/(-30))?
11
Let o(v) = v**3 + 16*v**2 + 15*v + 12. Let f be 442/(-10) + (-6)/(-30). Let r = f + 29. Calculate the remainder when 21 is divided by o(r).
9
What is the remainder when 149 is divided by (-1)/(9/4158*-6)?
72
Let y = -23 - -31. Suppose 5 = -2*q + 5*v, 2*q - q + v - y = 0. Suppose 21 = 2*f - 2*b + 3*b, -f + q*b = 17. What is the remainder when 21 is divided by f?
5
What is the remainder when (-29)/58 - 490/(-4) is divided by 9?
5
Suppose -3*b = -4*z - b + 808, -4*z - 5*b + 794 = 0. Calculate the remainder when z is divided by 51.
48
Suppose 7 = s + 5*l - 7, l = 4*s - 56. Let a(r) = 8*r - 42. Calculate the remainder when a(s) is divided by 9.
7
Suppose 5*z - 3 = 4*z. Suppose -36 = -z*q - s, 3*s = 5*q - s - 60. What is the remainder when (-1 - -2)/(82/(-42) - -2) is divided by q?
9
Let w = 108 + -43. What is the remainder when w is divided by 11?
10
Let o = 0 + 0. Let g be (-18)/(-5) - 3/5. Suppose 5*k + 0*d - g*d - 148 = o, -3*k = -4*d - 91. Calculate the remainder when k is divided by 16.
13
Suppose -401 = 4*v - 5*k + 89, -2*v - 254 = 2*k. Let p = -74 - v. Calculate the remainder when 149 is divided by p.
47
Let b(x) = -x**3 - 3*x**2 + x + 6. Let i be b(-3). Suppose -3*o = 5*t - 13, i*o + 4*t - 10 - 7 = 0. What is the remainder when o is divided by 6?
5
Suppose 15 = -3*n - p - 5, p + 2 = 0. Let v = n + 8. Suppose 9*h = -50 + 68. What is the remainder when v is divided by h?
0
Suppose 3*k = -38 + 152. Let c = 2 + 6. Calculate the remainder when k is divided by c.
6
Let r = 28 - 20. What is the remainder when (80/25 - 3/15) + 66 is divided by r?
5
Let y(a) = -33*a + 497. Calculate the remainder when 5 is divided by y(15).
1
Suppose 4*z = 3*t + 162, -2*z + 34 + 52 = -4*t. Suppose -z = 4*l - 7*l. Let w(i) = 6*i**2 - 3*i + 2. Calculate the remainder when w(3) is divided by l.
8
Let p(z) = 2*z**2 - 3*z + 2. Calculate the remainder when 6/(-16)*10*-4 is divided by p(2).
3
Suppose -5*s = -0*s - 25. Suppose 0 = -4*v - 3*i + 82, -24 - 10 = -2*v - s*i. Calculate the remainder when 29 is divided by v.
7
Suppose 28*j - 35*j + 21 = 0. Suppose 0 = j*y + 170 - 197. What is the remainder when 17 is divided by y?
8
Let k be 2/(-3) - 28/(-6). Let j be (-3 + 0)/((-3)/5). Suppose -j*u = 2*l - 253, k*u - 3*l = 6*u - 110. What is the remainder when u is divided by 13?
10
Suppose -2*n = -2, -4*n + 3*n = b - 32. Suppose 2*j = -3*g + b, 5*g + 2*j - 55 = -2. What is the remainder when g is divided by 4?
3
Let u(h) = -6*h - 3*h**2 + 2*h**2 - 9 + 8. Let k be u(-5). Suppose -5*c + 47 = -2*t - 41, 32 = 3*c + k*t. What is the remainder when 31 is divided by c?
15
Suppose 0 = -2*q - 58 + 8. Let y = q + 58. What is the remainder when 129 is divided by y?
30
Let f = -123 - -134. Calculate the remainder when 42 is divided by f.
9
Let q = 101 - 156. Calculate the remainder when 88 is divided by (-1660)/q - 2/11.
28
Suppose 5*k = -2*b + 973, 5*k = k + b + 781. What is the remainder when k is divided by 40?
35
Let l = 47 